multiple of 644?
False
Is 17118126 a multiple of 19?
True
Does 3 divide 1848813?
True
Is 1359 a factor of 5304177?
True
Is 58 a factor of 1443667?
False
Is 131 a factor of 1684136?
True
Is 443920 a multiple of 130?
False
Does 3 divide 37533?
True
Is 236250 a multiple of 10?
True
Is 14024 a multiple of 7?
False
Is 238802 a multiple of 2?
True
Is 120184 a multiple of 332?
True
Is 2638022 a multiple of 736?
False
Does 4 divide 121612?
True
Is 190 a factor of 8413?
False
Is 929645 a multiple of 14?
False
Does 80 divide 2699197?
False
Does 808 divide 1999427?
False
Is 104 a factor of 1811056?
True
Is 40 a factor of 110480?
True
Is 48 a factor of 291408?
True
Is 146 a factor of 360620?
True
Is 109734 a multiple of 4?
False
Is 177 a factor of 392732?
False
Is 3 a factor of 7357?
False
Is 588 a factor of 3458948?
False
Is 5 a factor of 2568625?
True
Is 397813 a multiple of 11?
False
Does 249 divide 15156630?
True
Is 59364 a multiple of 204?
True
Is 31998 a multiple of 50?
False
Is 687224 a multiple of 476?
False
Is 175 a factor of 2894293?
False
Is 231 a factor of 2271513?
False
Is 13058239 a multiple of 114?
False
Is 621010 a multiple of 26?
True
Does 35 divide 280957?
False
Is 9 a factor of 2469320?
False
Is 39 a factor of 16232151?
True
Is 154880 a multiple of 32?
True
Does 321 divide 108177?
True
Is 35 a factor of 9762407?
False
Is 412 a factor of 330922?
False
Does 15 divide 3803580?
True
Is 82 a factor of 6086484?
False
Does 28 divide 296170?
False
Does 58 divide 362361?
False
Does 23 divide 574791?
False
Is 1031316 a multiple of 15?
False
Does 13 divide 584155?
True
Is 14 a factor of 4675020?
True
Does 921 divide 28391?
False
Is 7788021 a multiple of 127?
True
Does 6 divide 2613186?
True
Is 19 a factor of 10602?
True
Is 145281 a multiple of 2?
False
Is 7747950 a multiple of 471?
True
Does 14 divide 3542?
True
Is 11729055 a multiple of 13?
True
Is 3 a factor of 595022?
False
Is 130080 a multiple of 80?
True
Is 2 a factor of 2674225?
False
Is 12840270 a multiple of 1445?
True
Does 74 divide 1642430?
True
Does 154 divide 5733728?
True
Does 10 divide 43590?
True
Is 292 a factor of 178403?
False
Is 160377 a multiple of 61?
False
Is 116 a factor of 11422056?
True
Is 193752 a multiple of 6?
True
Is 9 a factor of 6354?
True
Does 67 divide 2192709?
True
Is 4972962 a multiple of 48?
False
Is 19 a factor of 666249?
False
Does 28 divide 366591?
False
Does 32 divide 10906912?
True
Is 1508379 a multiple of 321?
True
Does 3 divide 110799?
True
Is 39 a factor of 51754?
False
Does 1570 divide 17020653?
False
Is 428 a multiple of 4?
True
Is 293 a factor of 411281?
False
Is 16 a factor of 60617?
False
Does 54 divide 347183?
False
Is 32 a factor of 13693615?
False
Does 18 divide 854879?
False
Is 342 a multiple of 6?
True
Does 494 divide 163514?
True
Is 215282 even?
True
Does 119 divide 8651390?
False
Is 251160 a multiple of 4?
True
Does 12 divide 823202?
False
Is 591105 a multiple of 15?
True
Is 54593 even?
False
Is 41148 a multiple of 6?
True
Does 47 divide 98301?
False
Is 13 a factor of 270140?
True
Does 37 divide 3404?
True
Is 9 a factor of 775520?
False
Is 1137624 a multiple of 112?
False
Is 5 a factor of 89330?
True
Does 1098 divide 18779833?
False
Is 645282 a multiple of 5?
False
Does 132 divide 2749553?
False
Does 23 divide 1976315?
False
Does 42 divide 58274?
False
Does 67 divide 529501?
True
Is 9 a factor of 407353?
False
Is 226 a factor of 2705446?
True
Does 257 divide 388821?
False
Does 38 divide 61957?
False
Is 13 a factor of 540156?
False
Is 34 a factor of 140318?
True
Is 276798 a multiple of 26?
False
Does 16 divide 6597440?
True
Does 155 divide 407564?
False
Is 3 a factor of 2151207?
True
Is 907446 a multiple of 30?
False
Is 184191 a multiple of 21?
True
Does 16 divide 39236364?
False
Does 127 divide 1163113?
False
Is 1743940 a multiple of 710?
False
Does 12 divide 579093?
False
Is 2549176 a multiple of 196?
True
Does 3 divide 498485?
False
Is 321633 a multiple of 9?
True
Is 727338 a multiple of 108?
False
Is 535500 a multiple of 90?
True
Does 94 divide 2335806?
True
Is 48 a factor of 105717?
False
Is 54346 a multiple of 155?
False
Is 231 a factor of 7793478?
True
Is 74 a factor of 5895506?
True
Is 5 a factor of 21451?
False
Is 2600912 a multiple of 16?
True
Does 13 divide 2572009?
False
Is 434115 a multiple of 10?
False
Is 6044234 a multiple of 629?
False
Is 575329 a multiple of 37?
False
Is 11 a factor of 2038259?
False
Does 4 divide 74558?
False
Is 191 a factor of 2049621?
True
Is 316 a factor of 297040?
True
Does 122 divide 74054?
True
Is 94 a factor of 178036?
True
Is 1061 a factor of 2842419?
True
Does 1876 divide 12030788?
True
Is 584 a factor of 2047504?
True
Is 193 a factor of 164629?
True
Is 66801 a multiple of 6?
False
Is 11 a factor of 323224?
True
Does 686 divide 3170692?
True
Is 53 a factor of 552?
False
Is 75 a factor of 718754?
False
Is 28196 a multiple of 38?
True
Is 25881580 a multiple of 373?
False
Is 8 a factor of 1887611?
False
Does 40 divide 2035391?
False
Is 75 a factor of 1398225?
True
Is 551898 a multiple of 72?
False
Is 1350949 a multiple of 38?
False
Is 1194234 a multiple of 37?
False
Is 649189 a multiple of 106?
False
Does 41 divide 7046855?
False
Is 93740 a multiple of 5?
True
Is 86169 a multiple of 19?
False
Is 2 a factor of 8585?
False
Is 103012 a multiple of 28?
True
Is 140893 a multiple of 36?
False
Is 9 a factor of 1469363?
False
Is 8329 a multiple of 147?
False
Is 1820350 a multiple of 743?
True
Is 163 a factor of 831789?
True
Does 158 divide 417091?
False
Does 47 divide 55225?
True
Is 17945830 a multiple of 1494?
False
Is 752700 a multiple of 195?
True
Is 24 a factor of 96408?
True
Is 900600 a multiple of 200?
True
Is 154 a factor of 206197?
False
Is 7043831 a multiple of 47?
False
Is 102850 a multiple of 374?
True
Is 6 a factor of 103872?
True
Is 9132821 a multiple of 16?
False
Is 24 a factor of 3274641?
False
Is 6 a factor of 27145?
False
Is 767011 a multiple of 7?
True
Is 151 a factor of 11638778?
True
Does 12 divide 4836878?
False
Is 8464522 a multiple of 21?
False
Is 9680 a multiple of 506?
False
Is 24 a factor of 1021269?
False
Is 171 a factor of 140904?
True
Is 193 a factor of 1602765?
False
Is 137 a factor of 3224569?
True
Is 15 a factor of 8947977?
False
Is 186 a factor of 257796?
True
Is 2544400 a multiple of 64?
False
Is 46 a factor of 1195060?
False
Does 261 divide 1633077?
True
Is 1394 a factor of 2113304?
True
Is 742061 a multiple of 555?
False
Is 21712 a multiple of 99?
False
Is 65 a factor of 118041?
False
Is 7495 a multiple of 22?
False
Is 2705030 a multiple of 38?
True
Is 4875749 a multiple of 37?
True
Is 11 a factor of 1153790?
True
Does 71 divide 92821?
False
Is 2136778 a multiple of 554?
True
Is 6813 a multiple of 3?
True
Is 430782 a multiple of 66?
True
Does 1491 divide 3787140?
True
Is 201 a factor of 168237?
True
Is 2183273 a multiple of 139?
True
Is 189 a factor of 24747282?
True
Is 102466 a multiple of 13?
True
Is 76 a factor of 126768?
True
Does 224 divide 212637?
False
Does 47 divide 23842?
False
Is 261945 a multiple of 609?
False
Is 168415 a multiple of 69?
False
Is 215 a factor of 6393670?
True
Does 117 divide 1002217?
False
Is 155704 a multiple of 19?
False
Does 168 divide 12748131?
False
Does 72 divide 6674249?
False
Is 81 a factor of 161763?
False
Is 224 a factor of 162093?
False
Is 34 a factor of 195054?
False
Does 39 divide 19530?
False
Is 58 a factor of 1429774?
False
Is 3 a factor of 87217?
False
Is 58 a factor of 18444?
True
Does 92 divide 264040?
True
Does 5 divide 2322320?
True
Does 274 divide 6477483?
False
Is 1622258 a multiple of 128?
False
Does 98 divide 60074?
True
Is 744428 a multiple of 179?
False
Is 995503 a multiple of 831?
False
Is 151 a factor of 2033136?
False
Is 16 a factor of 669520?
True
Does 282 divide 21714?
True
Does 13 divide 231928?
False
Does 3 divide 31709?
False
Is 11 a factor of 255079?
True
Is 284256 a multiple of 63?
True
Is 1420118 a multiple of 11?
False
Is 6690344 a multiple of 107?
False
Does 33 divide 1690227?
True
Is 303 a factor of 98475?
True
Is 2140634 a multiple of 8?
False
Is 85 a factor of 569447?
False
Is 241715 a multiple of 112?
False
Does 29 divide 1953179?
True
Is 14 a factor of 516152?
True
Is 21 a factor of 28833?
True
Is 153